e the greatest common factor of 13145 and 23815.
55
What is the highest common factor of 69131 and 584?
73
Calculate the highest common factor of 2861575 and 290.
145
Calculate the highest common divisor of 100859 and 346.
173
Calculate the highest common factor of 46 and 3378.
2
What is the highest common factor of 43 and 7299293?
43
Calculate the highest common divisor of 1220087 and 55.
11
What is the greatest common factor of 56363 and 1795?
359
What is the highest common factor of 2 and 133308?
2
Calculate the greatest common factor of 5348 and 955.
191
Calculate the highest common divisor of 28 and 13034.
14
Calculate the greatest common divisor of 15215 and 255.
85
What is the highest common divisor of 288 and 23624?
8
Calculate the greatest common divisor of 11194 and 18335.
193
What is the highest common factor of 18 and 21339?
9
Calculate the greatest common divisor of 2485 and 4260.
355
What is the greatest common divisor of 38284 and 3740?
68
Calculate the highest common divisor of 3 and 181851.
3
What is the greatest common factor of 4047 and 4389?
57
Calculate the greatest common factor of 1001 and 112541.
143
What is the greatest common factor of 1495 and 5497?
23
Calculate the highest common factor of 2559 and 63.
3
What is the greatest common divisor of 39999 and 2747?
67
Calculate the greatest common divisor of 539 and 389851.
77
Calculate the greatest common divisor of 432 and 52920.
216
Calculate the greatest common divisor of 980 and 1123962.
98
What is the greatest common divisor of 1362166 and 52?
26
Calculate the greatest common divisor of 864 and 6174.
18
What is the highest common factor of 63 and 132608?
7
Calculate the highest common factor of 3584 and 376.
8
Calculate the highest common divisor of 54660 and 140.
20
Calculate the highest common factor of 2871 and 1278.
9
Calculate the greatest common factor of 57452 and 7208.
212
Calculate the highest common factor of 1225352 and 2136.
712
Calculate the highest common divisor of 127 and 65024.
127
What is the highest common factor of 452020 and 5?
5
What is the highest common divisor of 1295 and 729455?
185
What is the greatest common factor of 2325 and 6789?
93
Calculate the highest common factor of 696530 and 10.
10
Calculate the greatest common divisor of 1424 and 3184.
16
Calculate the greatest common divisor of 222 and 290117.
37
What is the greatest common divisor of 3781 and 5174?
199
What is the greatest common divisor of 15047 and 2911?
41
What is the highest common divisor of 4191475 and 100?
25
What is the highest common divisor of 238491 and 54?
27
What is the highest common factor of 1135 and 1345?
5
Calculate the highest common factor of 63016 and 16.
8
What is the highest common divisor of 592 and 53206?
74
Calculate the greatest common factor of 26994 and 462.
66
What is the greatest common divisor of 20 and 30755?
5
Calculate the highest common factor of 1594 and 26.
2
Calculate the highest common divisor of 17371 and 168319.
599
What is the greatest common factor of 26944 and 4288?
64
Calculate the greatest common divisor of 30 and 162270.
30
What is the greatest common factor of 30 and 701230?
10
Calculate the greatest common factor of 563860 and 2310.
110
What is the greatest common divisor of 338 and 1747967?
169
What is the greatest common divisor of 19 and 191672?
19
What is the greatest common factor of 4194 and 60?
6
Calculate the highest common factor of 1180 and 29028.
236
Calculate the greatest common divisor of 1 and 49277.
1
What is the highest common factor of 130 and 11930?
10
What is the greatest common divisor of 27848 and 40592?
472
What is the highest common divisor of 79485 and 861?
21
What is the greatest common divisor of 99450 and 60?
30
Calculate the highest common divisor of 1162 and 664.
166
Calculate the greatest common divisor of 135 and 143019.
27
Calculate the highest common divisor of 250 and 2326.
2
What is the highest common divisor of 1078 and 28896?
14
What is the greatest common divisor of 810 and 16587?
9
Calculate the greatest common factor of 22 and 2378882.
22
Calculate the greatest common factor of 13253 and 27877.
457
What is the greatest common divisor of 662 and 13?
1
What is the highest common factor of 409031 and 8449?
497
What is the greatest common factor of 44 and 455455?
11
Calculate the greatest common factor of 50 and 11870.
10
What is the highest common factor of 311 and 1053?
1
Calculate the highest common divisor of 6 and 23822.
2
Calculate the greatest common factor of 217 and 38812.
31
What is the greatest common factor of 25 and 32335?
5
Calculate the greatest common divisor of 3033830 and 20.
10
What is the greatest common factor of 8610 and 6355?
205
What is the highest common factor of 2200 and 139920?
440
Calculate the highest common factor of 2965 and 5.
5
Calculate the highest common divisor of 2222 and 1078.
22
Calculate the highest common divisor of 2599002 and 24.
6
Calculate the greatest common divisor of 49 and 38563.
49
Calculate the highest common factor of 44761 and 1887.
17
What is the greatest common factor of 1440735 and 2780?
695
What is the greatest common divisor of 1813 and 2597?
49
What is the greatest common factor of 144 and 134136?
72
Calculate the highest common factor of 7557 and 1551.
33
What is the highest common factor of 42 and 3387538?
14
What is the highest common factor of 11666957 and 1817?
1817
Calculate the highest common divisor of 51728 and 1908.
212
What is the highest common factor of 4018 and 21560?
98
What is the highest common factor of 239700 and 2754?
102
Calculate the highest common divisor of 23 and 23759.
23
Calculate the highest common divisor of 4618057 and 8644.
2161
Calculate the highest common factor of 7686 and 50022.
126
Calculate the greatest common factor of 18 and 532170.
18
Calculate the greatest common divisor of 96 and 308064.
96
What is the highest common divisor of 94050 and 57?
57
Calculate the highest common factor of 67947 and 8787.
87
What is the highest common factor of 595589 and 37?
37
What is the greatest common divisor of 54020 and 9250?
370
Calculate the highest common factor of 120055 and 130.
65
Calculate the greatest common factor of 58004 and 2788.
68
Calculate the highest common divisor of 860 and 1311199.
43
What is the greatest common factor of 2076 and 1044?
12
Calculate the highest common factor of 3 and 54543.
3
Calculate the greatest common factor of 36909 and 27.
27
Calculate the highest common divisor of 371 and 49693.
7
Calculate the highest common factor of 11263 and 189.
7
What is the highest common divisor of 7353 and 855?
171
Calculate the highest common divisor of 3977767 and 381.
127
Calculate the highest common divisor of 9900 and 1800.
900
What is the highest common divisor of 233368 and 24?
8
Calculate the highest common factor of 179763 and 3.
3
What is the greatest common divisor of 2915 and 10865?
265
What is the greatest common divisor of 1920 and 140928?
384
Calculate the highest common factor of 8360 and 3960.
440
What is the greatest common factor of 483 and 22638?
21
What is the highest common divisor of 3619 and 994?
7
What is the greatest common divisor of 184256 and 128?
64
Calculate the highest common divisor of 238 and 93415.
119
What is the highest common factor of 437 and 13225?
23
Calculate the highest common divisor of 104935 and 31.
31
What is the highest common divisor of 5299637 and 161?
161
What is the highest common factor of 143 and 67463?
11
Calculate the greatest common divisor of 14 and 14.
14
Calculate the highest common divisor of 654138 and 12.
6
What is the highest common factor of 713 and 205988?
23
What is the highest common divisor of 793 and 1403?
61
Calculate the highest common factor of 8910 and 55935.
495
What is the highest common factor of 57681 and 1377?
153
What is the greatest common divisor of 68497 and 52?
13
What is the greatest common factor of 126 and 241374?
42
Calculate the highest common factor of 552 and 3933.
69
Calculate the greatest common factor of 745767 and 1364.
341
What is the highest common divisor of 339110 and 30?
10
What is the highest common divisor of 11736 and 9291?
489
What is the greatest common factor of 2771 and 17?
17
Calc